{"id":856,"date":"2024-06-07T18:52:08","date_gmt":"2024-06-07T22:52:08","guid":{"rendered":"https:\/\/denisguertinebeniste.com\/?post_type=tribe_events&#038;p=856"},"modified":"2024-06-07T18:52:08","modified_gmt":"2024-06-07T22:52:08","slug":"kaput-festival-des-artisans-recuperateurs","status":"publish","type":"tribe_events","link":"https:\/\/denisguertinebeniste.com\/fr\/event\/kaput-festival-des-artisans-recuperateurs\/","title":{"rendered":"Kaput ! Festival des artisans r\u00e9cup\u00e9rateurs"},"content":{"rendered":"<p>Espace culturel Aur\u00e8le-Dubois, 600 rue Richelieu, Beloeil<\/p>","protected":false},"excerpt":{"rendered":"<p>Espace culturel Aur\u00e8le-Dubois, 600 rue Richelieu, Beloeil<\/p>","protected":false},"author":1,"featured_media":0,"template":"","meta":{"_acf_changed":false,"_tribe_events_status":"","_tribe_events_status_reason":"","footnotes":""},"tags":[],"tribe_events_cat":[],"class_list":["post-856","tribe_events","type-tribe_events","status-publish","hentry"],"acf":[],"yoast_head":"<!-- This site is optimized with the Yoast SEO plugin v27.5 - https:\/\/yoast.com\/product\/yoast-seo-wordpress\/ -->\n<title>Kaput ! Festival des artisans r\u00e9cup\u00e9rateurs - Denis Guertin \u00c9b\u00e9niste<\/title>\n<meta name=\"description\" content=\"Kaput ! Festival des artisans r\u00e9cup\u00e9rateurs\" \/>\n<meta name=\"robots\" content=\"noindex, follow\" \/>\n<meta property=\"og:locale\" content=\"fr_CA\" \/>\n<meta property=\"og:type\" content=\"article\" \/>\n<meta property=\"og:title\" content=\"Kaput ! Festival des artisans r\u00e9cup\u00e9rateurs - Denis Guertin \u00c9b\u00e9niste\" \/>\n<meta property=\"og:description\" content=\"Kaput ! Festival des artisans r\u00e9cup\u00e9rateurs\" \/>\n<meta property=\"og:url\" content=\"https:\/\/denisguertinebeniste.com\/fr\/evenement\/kaput-festival-des-artisans-recuperateurs\/\" \/>\n<meta property=\"og:site_name\" content=\"Denis Guertin \u00c9b\u00e9niste\" \/>\n<meta property=\"article:publisher\" content=\"https:\/\/www.facebook.com\/Denis-Guertin-bniste-108733347315125\" \/>\n<meta name=\"twitter:card\" content=\"summary_large_image\" \/>\n<meta name=\"twitter:label1\" content=\"Estimation du temps de lecture\" \/>\n\t<meta name=\"twitter:data1\" content=\"1 minute\" \/>\n<script type=\"application\/ld+json\" class=\"yoast-schema-graph\">{\"@context\":\"https:\\\/\\\/schema.org\",\"@graph\":[{\"@type\":\"WebPage\",\"@id\":\"https:\\\/\\\/denisguertinebeniste.com\\\/event\\\/kaput-festival-des-artisans-recuperateurs\\\/\",\"url\":\"https:\\\/\\\/denisguertinebeniste.com\\\/event\\\/kaput-festival-des-artisans-recuperateurs\\\/\",\"name\":\"Kaput ! Festival des artisans r\u00e9cup\u00e9rateurs - Denis Guertin \u00c9b\u00e9niste\",\"isPartOf\":{\"@id\":\"https:\\\/\\\/denisguertinebeniste.com\\\/#website\"},\"datePublished\":\"2024-06-07T22:52:08+00:00\",\"description\":\"Kaput ! Festival des artisans r\u00e9cup\u00e9rateurs\",\"breadcrumb\":{\"@id\":\"https:\\\/\\\/denisguertinebeniste.com\\\/event\\\/kaput-festival-des-artisans-recuperateurs\\\/#breadcrumb\"},\"inLanguage\":\"fr-CA\",\"potentialAction\":[{\"@type\":\"ReadAction\",\"target\":[\"https:\\\/\\\/denisguertinebeniste.com\\\/event\\\/kaput-festival-des-artisans-recuperateurs\\\/\"]}]},{\"@type\":\"BreadcrumbList\",\"@id\":\"https:\\\/\\\/denisguertinebeniste.com\\\/event\\\/kaput-festival-des-artisans-recuperateurs\\\/#breadcrumb\",\"itemListElement\":[{\"@type\":\"ListItem\",\"position\":1,\"name\":\"Home\",\"item\":\"https:\\\/\\\/denisguertinebeniste.com\\\/\"},{\"@type\":\"ListItem\",\"position\":2,\"name\":\"Events\",\"item\":\"https:\\\/\\\/denisguertinebeniste.com\\\/events\\\/\"},{\"@type\":\"ListItem\",\"position\":3,\"name\":\"Kaput ! Festival des artisans r\u00e9cup\u00e9rateurs\"}]},{\"@type\":\"WebSite\",\"@id\":\"https:\\\/\\\/denisguertinebeniste.com\\\/#website\",\"url\":\"https:\\\/\\\/denisguertinebeniste.com\\\/\",\"name\":\"Denis Guertin \u00c9b\u00e9niste\",\"description\":\"\",\"publisher\":{\"@id\":\"https:\\\/\\\/denisguertinebeniste.com\\\/#organization\"},\"potentialAction\":[{\"@type\":\"SearchAction\",\"target\":{\"@type\":\"EntryPoint\",\"urlTemplate\":\"https:\\\/\\\/denisguertinebeniste.com\\\/?s={search_term_string}\"},\"query-input\":{\"@type\":\"PropertyValueSpecification\",\"valueRequired\":true,\"valueName\":\"search_term_string\"}}],\"inLanguage\":\"fr-CA\"},{\"@type\":\"Organization\",\"@id\":\"https:\\\/\\\/denisguertinebeniste.com\\\/#organization\",\"name\":\"Denis Guertin \u00c9b\u00e9niste\",\"url\":\"https:\\\/\\\/denisguertinebeniste.com\\\/\",\"logo\":{\"@type\":\"ImageObject\",\"inLanguage\":\"fr-CA\",\"@id\":\"https:\\\/\\\/denisguertinebeniste.com\\\/#\\\/schema\\\/logo\\\/image\\\/\",\"url\":\"https:\\\/\\\/denisguertinebeniste.com\\\/wp-content\\\/uploads\\\/2024\\\/03\\\/logo-DG.webp\",\"contentUrl\":\"https:\\\/\\\/denisguertinebeniste.com\\\/wp-content\\\/uploads\\\/2024\\\/03\\\/logo-DG.webp\",\"width\":300,\"height\":264,\"caption\":\"Denis Guertin \u00c9b\u00e9niste\"},\"image\":{\"@id\":\"https:\\\/\\\/denisguertinebeniste.com\\\/#\\\/schema\\\/logo\\\/image\\\/\"},\"sameAs\":[\"https:\\\/\\\/www.facebook.com\\\/Denis-Guertin-bniste-108733347315125\",\"https:\\\/\\\/www.instagram.com\\\/denisguertin_ebeniste\\\/\"]}]}<\/script>\n<!-- \/ Yoast SEO plugin. -->","yoast_head_json":{"title":"Kaput ! Festival des artisans r\u00e9cup\u00e9rateurs - Denis Guertin \u00c9b\u00e9niste","description":"Kaput ! Festival des artisans r\u00e9cup\u00e9rateurs","robots":{"index":"noindex","follow":"follow"},"og_locale":"fr_CA","og_type":"article","og_title":"Kaput ! Festival des artisans r\u00e9cup\u00e9rateurs - Denis Guertin \u00c9b\u00e9niste","og_description":"Kaput ! Festival des artisans r\u00e9cup\u00e9rateurs","og_url":"https:\/\/denisguertinebeniste.com\/fr\/evenement\/kaput-festival-des-artisans-recuperateurs\/","og_site_name":"Denis Guertin \u00c9b\u00e9niste","article_publisher":"https:\/\/www.facebook.com\/Denis-Guertin-bniste-108733347315125","twitter_card":"summary_large_image","twitter_misc":{"Estimation du temps de lecture":"1 minute"},"schema":{"@context":"https:\/\/schema.org","@graph":[{"@type":"WebPage","@id":"https:\/\/denisguertinebeniste.com\/event\/kaput-festival-des-artisans-recuperateurs\/","url":"https:\/\/denisguertinebeniste.com\/event\/kaput-festival-des-artisans-recuperateurs\/","name":"Kaput ! Festival des artisans r\u00e9cup\u00e9rateurs - Denis Guertin \u00c9b\u00e9niste","isPartOf":{"@id":"https:\/\/denisguertinebeniste.com\/#website"},"datePublished":"2024-06-07T22:52:08+00:00","description":"Kaput ! Festival des artisans r\u00e9cup\u00e9rateurs","breadcrumb":{"@id":"https:\/\/denisguertinebeniste.com\/event\/kaput-festival-des-artisans-recuperateurs\/#breadcrumb"},"inLanguage":"fr-CA","potentialAction":[{"@type":"ReadAction","target":["https:\/\/denisguertinebeniste.com\/event\/kaput-festival-des-artisans-recuperateurs\/"]}]},{"@type":"BreadcrumbList","@id":"https:\/\/denisguertinebeniste.com\/event\/kaput-festival-des-artisans-recuperateurs\/#breadcrumb","itemListElement":[{"@type":"ListItem","position":1,"name":"Home","item":"https:\/\/denisguertinebeniste.com\/"},{"@type":"ListItem","position":2,"name":"Events","item":"https:\/\/denisguertinebeniste.com\/events\/"},{"@type":"ListItem","position":3,"name":"Kaput ! Festival des artisans r\u00e9cup\u00e9rateurs"}]},{"@type":"WebSite","@id":"https:\/\/denisguertinebeniste.com\/#website","url":"https:\/\/denisguertinebeniste.com\/","name":"Denis Guertin \u00c9b\u00e9niste","description":"","publisher":{"@id":"https:\/\/denisguertinebeniste.com\/#organization"},"potentialAction":[{"@type":"SearchAction","target":{"@type":"EntryPoint","urlTemplate":"https:\/\/denisguertinebeniste.com\/?s={search_term_string}"},"query-input":{"@type":"PropertyValueSpecification","valueRequired":true,"valueName":"search_term_string"}}],"inLanguage":"fr-CA"},{"@type":"Organization","@id":"https:\/\/denisguertinebeniste.com\/#organization","name":"Denis Guertin \u00c9b\u00e9niste","url":"https:\/\/denisguertinebeniste.com\/","logo":{"@type":"ImageObject","inLanguage":"fr-CA","@id":"https:\/\/denisguertinebeniste.com\/#\/schema\/logo\/image\/","url":"https:\/\/denisguertinebeniste.com\/wp-content\/uploads\/2024\/03\/logo-DG.webp","contentUrl":"https:\/\/denisguertinebeniste.com\/wp-content\/uploads\/2024\/03\/logo-DG.webp","width":300,"height":264,"caption":"Denis Guertin \u00c9b\u00e9niste"},"image":{"@id":"https:\/\/denisguertinebeniste.com\/#\/schema\/logo\/image\/"},"sameAs":["https:\/\/www.facebook.com\/Denis-Guertin-bniste-108733347315125","https:\/\/www.instagram.com\/denisguertin_ebeniste\/"]}]}},"jetpack_sharing_enabled":true,"_links":{"self":[{"href":"https:\/\/denisguertinebeniste.com\/fr\/wp-json\/wp\/v2\/tribe_events\/856","targetHints":{"allow":["GET"]}}],"collection":[{"href":"https:\/\/denisguertinebeniste.com\/fr\/wp-json\/wp\/v2\/tribe_events"}],"about":[{"href":"https:\/\/denisguertinebeniste.com\/fr\/wp-json\/wp\/v2\/types\/tribe_events"}],"author":[{"embeddable":true,"href":"https:\/\/denisguertinebeniste.com\/fr\/wp-json\/wp\/v2\/users\/1"}],"version-history":[{"count":1,"href":"https:\/\/denisguertinebeniste.com\/fr\/wp-json\/wp\/v2\/tribe_events\/856\/revisions"}],"predecessor-version":[{"id":857,"href":"https:\/\/denisguertinebeniste.com\/fr\/wp-json\/wp\/v2\/tribe_events\/856\/revisions\/857"}],"wp:attachment":[{"href":"https:\/\/denisguertinebeniste.com\/fr\/wp-json\/wp\/v2\/media?parent=856"}],"wp:term":[{"taxonomy":"post_tag","embeddable":true,"href":"https:\/\/denisguertinebeniste.com\/fr\/wp-json\/wp\/v2\/tags?post=856"},{"taxonomy":"tribe_events_cat","embeddable":true,"href":"https:\/\/denisguertinebeniste.com\/fr\/wp-json\/wp\/v2\/tribe_events_cat?post=856"}],"curies":[{"name":"wp","href":"https:\/\/api.w.org\/{rel}","templated":true}]}}

Kaput ! Festival des artisans récupérateurs

<p>Espace culturel Aurèle-Dubois, 600 rue Richelieu, Beloeil</p>

<!-- This site is optimized with the Yoast SEO plugin v27.5 - https://yoast.com/product/yoast-seo-wordpress/ -->
<title>Kaput ! Festival des artisans récupérateurs - Denis Guertin Ébéniste</title>
<meta name="description" content="Kaput ! Festival des artisans récupérateurs" />
<meta name="robots" content="noindex, follow" />
<meta property="og:locale" content="fr_CA" />
<meta property="og:type" content="article" />
<meta property="og:title" content="Kaput ! Festival des artisans récupérateurs - Denis Guertin Ébéniste" />
<meta property="og:description" content="Kaput ! Festival des artisans récupérateurs" />
<meta property="og:url" content="https://denisguertinebeniste.com/fr/evenement/kaput-festival-des-artisans-recuperateurs/" />
<meta property="og:site_name" content="Denis Guertin Ébéniste" />
<meta property="article:publisher" content="https://www.facebook.com/Denis-Guertin-bniste-108733347315125" />
<meta name="twitter:card" content="summary_large_image" />
<meta name="twitter:label1" content="Estimation du temps de lecture" />
	<meta name="twitter:data1" content="1 minute" />
<script type="application/ld+json" class="yoast-schema-graph">{"@context":"https:\/\/schema.org","@graph":[{"@type":"WebPage","@id":"https:\/\/denisguertinebeniste.com\/event\/kaput-festival-des-artisans-recuperateurs\/","url":"https:\/\/denisguertinebeniste.com\/event\/kaput-festival-des-artisans-recuperateurs\/","name":"Kaput ! Festival des artisans récupérateurs - Denis Guertin Ébéniste","isPartOf":{"@id":"https:\/\/denisguertinebeniste.com\/#website"},"datePublished":"2024-06-07T22:52:08+00:00","description":"Kaput ! Festival des artisans récupérateurs","breadcrumb":{"@id":"https:\/\/denisguertinebeniste.com\/event\/kaput-festival-des-artisans-recuperateurs\/#breadcrumb"},"inLanguage":"fr-CA","potentialAction":[{"@type":"ReadAction","target":["https:\/\/denisguertinebeniste.com\/event\/kaput-festival-des-artisans-recuperateurs\/"]}]},{"@type":"BreadcrumbList","@id":"https:\/\/denisguertinebeniste.com\/event\/kaput-festival-des-artisans-recuperateurs\/#breadcrumb","itemListElement":[{"@type":"ListItem","position":1,"name":"Home","item":"https:\/\/denisguertinebeniste.com\/"},{"@type":"ListItem","position":2,"name":"Events","item":"https:\/\/denisguertinebeniste.com\/events\/"},{"@type":"ListItem","position":3,"name":"Kaput ! Festival des artisans récupérateurs"}]},{"@type":"WebSite","@id":"https:\/\/denisguertinebeniste.com\/#website","url":"https:\/\/denisguertinebeniste.com\/","name":"Denis Guertin Ébéniste","description":"","publisher":{"@id":"https:\/\/denisguertinebeniste.com\/#organization"},"potentialAction":[{"@type":"SearchAction","target":{"@type":"EntryPoint","urlTemplate":"https:\/\/denisguertinebeniste.com\/?s={search_term_string}"},"query-input":{"@type":"PropertyValueSpecification","valueRequired":true,"valueName":"search_term_string"}}],"inLanguage":"fr-CA"},{"@type":"Organization","@id":"https:\/\/denisguertinebeniste.com\/#organization","name":"Denis Guertin Ébéniste","url":"https:\/\/denisguertinebeniste.com\/","logo":{"@type":"ImageObject","inLanguage":"fr-CA","@id":"https:\/\/denisguertinebeniste.com\/#\/schema\/logo\/image\/","url":"https:\/\/denisguertinebeniste.com\/wp-content\/uploads\/2024\/03\/logo-DG.webp","contentUrl":"https:\/\/denisguertinebeniste.com\/wp-content\/uploads\/2024\/03\/logo-DG.webp","width":300,"height":264,"caption":"Denis Guertin Ébéniste"},"image":{"@id":"https:\/\/denisguertinebeniste.com\/#\/schema\/logo\/image\/"},"sameAs":["https:\/\/www.facebook.com\/Denis-Guertin-bniste-108733347315125","https:\/\/www.instagram.com\/denisguertin_ebeniste\/"]}]}</script>
<!-- / Yoast SEO plugin. -->

Kaput ! Festival des artisans récupérateurs - Denis Guertin Ébéniste

Denis Guertin Ébéniste
